se
Is 85357 prime?
False
Is 214381 a composite number?
False
Is 287 prime?
False
Is 59611 a composite number?
False
Is 136447 a composite number?
False
Is 350159 composite?
False
Is 49711 a prime number?
True
Is 195553 composite?
True
Is 747805 a prime number?
False
Is 171517 composite?
False
Is 63277 a prime number?
True
Is 49301 a prime number?
False
Is 1103 composite?
False
Is 787 prime?
True
Is 27043 a composite number?
False
Is 16795 prime?
False
Is 1211 a prime number?
False
Is 339407 a prime number?
False
Is 15599 composite?
True
Is 45755 prime?
False
Is 168233 composite?
True
Is 57839 a composite number?
False
Is 2984549 a prime number?
False
Is 1275095 a composite number?
True
Is 9897 a prime number?
False
Is 7603 prime?
True
Is 2181 a prime number?
False
Is 91101 a prime number?
False
Is 104581 composite?
True
Is 821207 a prime number?
True
Is 98191 a prime number?
False
Is 1637 a composite number?
False
Is 16085 composite?
True
Is 590503 a composite number?
True
Is 679 a prime number?
False
Is 527347 prime?
True
Is 4967 a composite number?
False
Is 373061 a composite number?
True
Is 61267 composite?
True
Is 7405 a composite number?
True
Is 43313 composite?
False
Is 26083 a composite number?
False
Is 23857 a composite number?
False
Is 27733 composite?
False
Is 1709 a composite number?
False
Is 7019 composite?
False
Is 188249 a composite number?
False
Is 179591 composite?
False
Is 347297 a prime number?
True
Is 136549 prime?
False
Is 223181 prime?
False
Is 7283 prime?
True
Is 20323 a prime number?
True
Is 2357683 composite?
False
Is 504929 a composite number?
False
Is 4045 composite?
True
Is 6287 prime?
True
Is 95503 prime?
False
Is 42523 composite?
True
Is 728771 a composite number?
False
Is 94739 prime?
False
Is 633639 a composite number?
True
Is 3830335 a prime number?
False
Is 7501 a composite number?
True
Is 228571 prime?
False
Is 102701 a composite number?
False
Is 700694 a prime number?
False
Is 108991 a prime number?
True
Is 706499 prime?
True
Is 3443 a composite number?
True
Is 2498 composite?
True
Is 1431869 a prime number?
True
Is 35669 a composite number?
True
Is 114839 composite?
True
Is 149 a prime number?
True
Is 60251 a prime number?
True
Is 88687 a prime number?
False
Is 5147 a composite number?
False
Is 816293 composite?
True
Is 188291 prime?
True
Is 11983 prime?
False
Is 38219 a prime number?
True
Is 3293 a composite number?
True
Is 325153 composite?
False
Is 43373 composite?
True
Is 5923 composite?
False
Is 152251 a composite number?
True
Is 5665791 prime?
False
Is 41007 prime?
False
Is 889 composite?
True
Is 6799 a composite number?
True
Is 2017 a composite number?
False
Is 244717 composite?
True
Is 35597 prime?
True
Is 4721 a prime number?
True
Is 42373 a prime number?
True
Is 338395 a composite number?
True
Is 137143 composite?
False
Is 50513 composite?
False
Is 1202677 a composite number?
True
Is 200051 composite?
True
Is 2459 a prime number?
True
Is 355345 a composite number?
True
Is 61349 composite?
True
Is 29307 composite?
True
Is 993763 composite?
False
Is 319727 prime?
True
Is 2001331 prime?
True
Is 21578 a composite number?
True
Is 190943 prime?
False
Is 44519 a composite number?
False
Is 1909 prime?
False
Is 353573 composite?
True
Is 22497 a prime number?
False
Is 51551 composite?
False
Is 13397 prime?
True
Is 166189 composite?
False
Is 1119819 composite?
True
Is 297229 a prime number?
False
Is 5554 prime?
False
Is 19777 a composite number?
False
Is 63235 composite?
True
Is 15089 a composite number?
True
Is 141937 prime?
True
Is 198767 composite?
True
Is 12773 composite?
True
Is 338747 composite?
False
Is 41011 composite?
False
Is 18514 prime?
False
Is 255077 a prime number?
True
Is 854951 prime?
True
Is 107093 composite?
True
Is 149071 composite?
True
Is 229081 a composite number?
False
Is 519 a composite number?
True
Is 47207 composite?
False
Is 47563 a prime number?
True
Is 7131 prime?
False
Is 27309 a composite number?
True
Is 28343 prime?
False
Is 3299 prime?
True
Is 8093 prime?
True
Is 12723 a composite number?
True
Is 191413 a prime number?
True
Is 111407 composite?
True
Is 20269 a prime number?
True
Is 1457 a prime number?
False
Is 2453 a prime number?
False
Is 26 composite?
True
Is 41007 prime?
False
Is 1889573 a prime number?
False
Is 4009 a prime number?
False
Is 975509 a prime number?
True
Is 34583 composite?
False
Is 139418 a composite number?
True
Is 11707 composite?
True
Is 21253 composite?
True
Is 4327 a prime number?
True
Is 7967 prime?
False
Is 138053 composite?
False
Is 541109 prime?
False
Is 57269 a prime number?
True
Is 530747 a prime number?
False
Is 12667 composite?
True
Is 37871 composite?
False
Is 51817 a prime number?
True
Is 2037139 composite?
True
Is 67627 a composite number?
True
Is 521 a prime number?
True
Is 5361 composite?
True
Is 1151 a composite number?
False
Is 25709 a composite number?
True
Is 40387 prime?
True
Is 453899 a prime number?
False
Is 13894 a composite number?
True
Is 467537 prime?
False
Is 459113 a composite number?
False
Is 5053 composite?
True
Is 46297 a prime number?
False
Is 9029 a composite number?
False
Is 189307 a composite number?
False
Is 155318 a prime number?
False
Is 21703 prime?
False
Is 156535 a prime number?
False
Is 1369534 prime?
False
Is 1249 a prime number?
True
Is 167653 composite?
True
Is 663709 a prime number?
True
Is 1217977 a composite number?
False
Is 11283 composite?
True
Is 8483 prime?
False
Is 7586 composite?
True
Is 14438 composite?
True
Is 10243 a composite number?
False
Is 18899 a prime number?
True
Is 158843 a prime number?
True
Is 51785 a prime number?
False
Is 5755 a composite number?
True
Is 843991 a prime number?
False
Is 408017 a composite number?
True
Is 21377 a prime number?
True
Is 22469 prime?
True
Is 362897 a composite number?
False
Is 3072101 prime?
True
Is 3081209 prime?
False
Is 117353 composite?
False
Is 186841 prime?
True
Is 48353 a prime number?
True
Is 255313 prime?
True
Is 7814 a composite number?
True
Is 3265 a prime number?
False
Is 60323 a composite number?
True
Is 204451 a composite number?
True
Is 6197 composite?
False
Is 19121 prime?
True
Is 12601 a composite number?
False
Is 852913 a prime number?
True
Is 1061 prime?
True
Is 103481 prime?
False
Is 13397 a prime number?
True
Is 16649 prime?
True
Is 2609 a composite number?
False
Is 181603 a composite number?
False
Is 5227 prime?
True
Is 1139 a composite number?
True
Is 1546 a prime number?
False
Is 291077 a prime number?
True
Is 147973 a prime number?
False
Is 1711 composite?
True
Is 195593 prime?
True
Is 25663 a composite number?
True
Is 176363 a prime number?
False
Is 57077 a prime number?
True
Is 2579 composite?
False
Is 60011 a composite number?
True
Is 38557 composite?
False
Is 8623 prime?
True
Is 15391 composite?
False
Is 140759 a composite number?
False
Is 3416503 composite?
False
Is 3119 prime?
True
Is 27647 a composite number?
False
Is 1519189 prime?
False
Is 62297 a composite number?
False
Is 216803 a prime number?
True
Is 312745 a prime number?
False
Is 4109 prime?
False
Is 5269 a composite number?
True
Is 63737 composite?
False
Is 13997 a composite number?
False
Is 99073 a prime number?
False
Is 22769 prime?
True
Is 92717 prime?
True
Is 270407 a composite number?
False
Is 169639 a composite number?
False
Is 4443 a composite number?
True
Is 124737 composite?
True
Is 14051 prime?
True
Is 105695 a composite number?
True
Is 3109 composite?
False
Is 301339 a composite number?
True
Is 76441 a composite number?
False
Is 1923 prime?
False
Is 164759 a composite number?
True
Is 521 a prime number?
True
Is 161698 composite?
True
Is 89041 composite?
False
Is 234457 a composite number?
False
Is 6731 prime?
False
Is 14483 composite?
True
Is 7789 composite?
False
Is 9041 composite?
False
Is 205021 prime?
False
Is 4783 composite?
False
Is 28019 a prime number?
True
Is 3071 prime?
False
Is 17521 composite?
True
Is 202031 composite?
False
Is 14137 composite?
True
Is 184949 composite?
False
Is 10313 a prime number?
True
Is 61403 a prime number?
True
Is 21401 prime?
True
Is 62993 prime?
False
Is 143889 a composite number?
True
Is 415469 a composite number?
False
Is 40867 a composite number?
False
Is 96467 composite?
True
Is 1823 prime?
True
Is 353527 a co